 What is the remainder when q is divided by i?
0
Suppose -2*u + 27 = 4*z - 27, -5*u - 30 = -z. What is the remainder when 29 is divided by (z/10)/(2/20)?
14
Let n = 1 + 9. What is the remainder when 26 is divided by n?
6
Suppose 2*s = -0*s + 2. Let d be (12/10)/(s/(-5)). What is the remainder when (-2)/d*516/4 is divided by 22?
21
Suppose 0 = -4*i + 20, 0 = -4*p - 3*i + 7*i + 200. What is the remainder when p is divided by ((-55)/(-10) - 5)*38?
17
Let o(a) = 2*a**3 + 2*a**2 - a. Let p be o(1). Suppose f = -p*k + 977, -1645 = -4*k - k - 5*f. Calculate the remainder when 2/(-7) + k/7 is divided by 16.
14
Suppose -3*x + 4*x + 3 = 0. What is the remainder when (-80)/x + (-4)/6 is divided by 9?
8
Let n(s) = s + 17. Suppose i - 2 - 7 = 0. Calculate the remainder when n(0) is divided by i.
8
Let i = 63 - 29. Calculate the remainder when i is divided by (-2)/5 + (-94)/(-10).
7
Let p(o) = o**3 - o**2 + 1. Let z be p(-1). Let m = z - 3. Let i = m - -11. What is the remainder when 13 is divided by i?
6
Let j(n) = -11*n + 3. Suppose 0 = -4*b + h - 16, 0*b - b - 4 = -4*h. What is the remainder when j(b) is divided by ((-6)/9 + 2)*12?
15
Calculate the remainder when (-4)/5*(-50)/(-12)*-3 is divided by 6.
4
Let b = 19 + -11. Let y = 9 + -7. Calculate the remainder when ((-19)/(-2) - y)*2 is divided by b.
7
Let k(g) = -g**3 - 10*g**2 - 12*g - 6. What is the remainder when 60 is divided by k(-9)?
18
Let a = -100 + 252. Calculate the remainder when a is divided by 14.
12
Suppose 5*r = 3*u - 74, 5*u + r - 27 = 59. Let t = u + -12. Calculate the remainder when 16 is divided by t.
4
Suppose -2*h + 54 = -34. Let t = h - 15. What is the remainder when t is divided by 10?
9
Suppose -k - 293 - 60 = -5*g, 0 = -3*g - 5*k + 195. Calculate the remainder when g is divided by 24.
22
Let s(i) = 2*i + 5. What is the remainder when 31 is divided by s(2)?
4
What is the remainder when (-2 - 26)*(-6)/8 is divided by 12?
9
Suppose -4 = -j + 9. Let h = 25 - 23. Suppose 5*s = h*u - 73, 7 = 3*s + 22. What is the remainder when u is divided by j?
11
Suppose 0 = 3*g - 12, -5*g - 4 = w - 19. Let b = 8 + w. What is the remainder when 4 is divided by b?
1
Suppose 5*q = -2*h - 12, -2*h - 8 = 3*q - 0*q. Let a = -3 + h. Let p = a - -9. What is the remainder when p is divided by 3?
2
Let c(j) = -16*j**3 - j**2 + 1. Let p(q) = q**3 + 11*q**2 - 3*q - 24. What is the remainder when c(-1) is divided by p(-11)?
7
Let p = 233 - 183. Calculate the remainder when 348 is divided by p.
48
Suppose -5*n + 137 = 4*h + 42, 0 = -4*n - 4. What is the remainder when 47 is divided by h?
22
Let q be 0 - -3 - (122 + 1). Let v = -47 - q. What is the remainder when v is divided by 19?
16
Suppose -4*m + 44 = 5*q, 0 = -m + 3 - 7. Let r(p) = 2*p - 8. Let a be r(4). Suppose 3*j + j - q = a. What is the remainder when j is divided by 2?
1
Suppose 8*d - 7*d - 19 = 0. Calculate the remainder when 32 is divided by d.
13
Let h(d) = 3*d**2 - 4*d - 1. Calculate the remainder when 63 is divided by h(3).
7
Suppose 2*n + 5*d = 10, 25 = 5*n - 0*n - 2*d. What is the remainder when 8 is divided by n?
3
Let s(r) = -r**2 - 4*r + 13. Let i = 24 + -15. What is the remainder when 6/i - (-2)/6 is divided by s(-6)?
0
Suppose 14 - 69 = -5*y. What is the remainder when y is divided by 7?
4
Suppose -4*y + 6 = -2*t - 10, -4*t + 22 = y. What is the remainder when (-4)/y - (-320)/12 is divided by 14?
12
Suppose -2*b + 4*f = 6*f - 28, -5*b - 4*f + 68 = 0. Calculate the remainder when 68 is divided by b.
8
Calculate the remainder when 73 is divided by (-4)/5*(-390)/12.
21
Suppose 5*n - 41 = 334. Calculate the remainder when n is divided by 39.
36
Suppose 3*c + 3 + 3 = 0. Let t(l) = 7*l**2 + 2*l - 1. Let v be t(c). Let b = v - 14. What is the remainder when b is divided by 5?
4
Calculate the remainder when 6 is divided by -6 + 3 + -3 + 33/3.
1
Let o be 150 - (2 + (-2 - 1)). Suppose -13 - o = -4*c. What is the remainder when c is divided by 11?
8
Suppose -4*w - 4 = -2*q - 2, -2*w + 54 = 4*q. Calculate the remainder when 42 is divided by q.
9
Suppose -17 = -w + 4. Calculate the remainder when w is divided by 5.
1
Suppose -78 - 15 = -3*a. Calculate the remainder when a is divided by (-34)/(1/((-3)/6)).
14
Let x = -7 + 9. Let k(j) = j**2 + 7*j - 12. What is the remainder when ((-1)/x)/((-2)/284) is divided by k(-10)?
17
Let k = 4 - 18. Let f = k + 36. Let l = f + -14. What is the remainder when l is divided by 5?
3
Let y = 10 - -9. Let p(v) = -5*v**2 + 12*v - 7. Let l(a) = 6*a**2 - 11*a + 7. Let c(g) = 4*l(g) + 5*p(g). What is the remainder when c(9) is divided by y?
18
Suppose 0 = -4*s + 4, 2*v + v - 5*s = 46. Calculate the remainder when (39/(-1))/((-6)/10) is divided by v.
14
Let w be 2/11 + (-62)/(-22). Suppose 2*o - w*o = -38. Suppose -d = d - o. What is the remainder when d is divided by 11?
8
Suppose -12 = d + 4*m, 2*d - 4*m - 9 - 15 = 0. Suppose -s = -0*s - d. Let y = 0 + 3. Calculate the remainder when s is divided by y.
1
Suppose -n + 4*n = 33. Let r(c) = 6*c + 6. What is the remainder when r(6) is divided by n?
9
Suppose -4*b + 27 = -5*i, 2*i + 3*i = -15. Calculate the remainder when 4 is divided by b.
1
What is the remainder when 88 is divided by (-91)/(-21)*(-9)/(-3)?
10
Let t(n) = -3*n - 5. Let q(w) = 7*w + 1. Let y be q(-2). What is the remainder when t(y) is divided by 9?
7
Calculate the remainder when 16 is divided by 1/2*(-7 + 17).
1
Let f = -10 + 4. Let j = f + 11. Calculate the remainder when 9 is divided by j.
4
Suppose -7 = -c + 3*p, c - 26 = -2*c + 4*p. Suppose -3*z = -2 - 79. Calculate the remainder when z is divided by c.
7
Suppose -52 = -m - m. Calculate the remainder when m is divided by 9.
8
Suppose -2*f = -0*f - 90. Let u = 6 - -6. Calculate the remainder when f is divided by u.
9
Calculate the remainder when 42/10 + 1/(-5) is divided by (-3)/1*1/(-1).
1
Let h(o) = o**2 - 2*o - 3. Let x be h(-4). What is the remainder when 11 is divided by x/(-14) + (-11)/(-2)?
3
Suppose -8*g + 40 = -3*g. Suppose 12 = 2*i - g. Suppose -k + 2 = -2. Calculate the remainder when i is divided by k.
2
Suppose -5*k = -6*v + 2*v + 153, -k - 37 = -v. Suppose 0 = -3*c + 61 + v. Calculate the remainder when c is divided by 11.
9
Let q = 0 - 0. Suppose c - 9 = -q. Calculate the remainder when 6/9 - (-228)/c is divided by 14.
12
Let d(a) = -a**2 + 9*a - 4. Calculate the remainder when 36 is divided by d(7).
6
Suppose -l = 3*l + 96. Let v = 40 + l. Suppose 0 = t - 45 + 15. What is the remainder when t is divided by v?
14
Calculate the remainder when 21 is divided by (-32)/10*(6 + 136/(-16)).
5
Let i(a) be the first derivative of a**2/2 + 21*a + 7. Let d = -10 - 0. Calculate the remainder when 32 is divided by i(d).
10
Calculate the remainder when 130 + 5 + 2/1 is divided by 35.
32
Calculate the remainder when (18/(-3))/(-3) + 40 is divided by (22/(-5))/(2/(-10)).
20
What is the remainder when (-218)/(-4) + 14/28 is divided by 28?
27
Suppose -5*j + 11 = 4*b, 2*b - 13 = -0*j + 5*j. Suppose f - 22 = -b. What is the remainder when f is divided by 10?
8
Let j(o) = o**2 + o + 10. Suppose -4*g = 0, 5*p - 4*g + 2*g - 10 = 0. Let w = -2 + p. What is the remainder when j(w) is divided by 4?
2
Suppose -6 = 5*s - 1. Let o(i) = i**3 - 19*i**2 + 19*i - 12. Calculate the remainder when 13 + (-4 + 2)/s is divided by o(18).
3
Suppose 6 = 2*l - 2*p + 4*p, 14 = 5*l + 4*p. Let r(j) = -j**3 + 3*j**2 + 2*j - 2. Calculate the remainder when r(l) is divided by (-8)/32 + (-34)/(-8).
2
Calculate the remainder when 25/(-10)*-12*2/5 is divided by 7.
5
Let p = 8 + 23. What is the remainder when p is divided by (10 + 1)/(-1 - -2)?
9
Suppose 0 = -3*r + 2*d + 2, r = -3*r + 3*d + 1. Let t be r/12 + 122/(-6). Let h = t - -37. What is the remainder when 32 is divided by h?
15
Let h be 1 - 0 - (13 - 4). Let w = 20 + h. Suppose 3*g + w = 0, g + 4 + 11 = u. What is the remainder when u is divided by 6?
5
Suppose -3*l + 3*i + 15 = 0, -3*i + 2 = 3*l - 1. Suppose -l*o + 10 = 2*o. Suppose 4*j = f - 45, -o = 4*j + 18. What is the remainder when f is divided by 13?
12
Suppose -4*w = -8*w. Suppose w*q + 20 = 5*q. Suppose q = x - 2. What is the remainder when 16 is divided by x?
4
Let r be (3 - 3) + 25 + 0. Suppose 3*c = 3*u, -3*c - 4 + r = 4*u. Suppose u*z = z + 36. What is the remainder wh